-1 + -2)/9). Suppose 0 = a*m - 11 - 160. Calculate the highest common divisor of m and 57.
57
Let s(r) = -r**2 + 49*r - 254. Let h be s(42). Calculate the highest common factor of h and 8440.
40
Let n = 98 - 38. Let f = n + -43. Let h be (3/7)/(-1) + 54435/399. What is the highest common divisor of f and h?
17
Let j = 6668 + -5623. Calculate the highest common factor of j and 380.
95
Suppose -84 = -5*w + 2*w. Let y = w - 32. Let i be (1 - 5)/(4/y). What is the greatest common factor of 12 and i?
4
Let u be ((-400)/(-504) + 40/(-70))*369. What is the greatest common factor of 2911 and u?
41
Let z = -4549 + 4642. What is the greatest common factor of z and 6?
3
Let i = -349 + 347. Let y(g) = 12*g**2 + 8*g + 6. Let t be y(i). What is the highest common factor of t and 285?
19
Let p = 58 - 35. Suppose 3*f = x + 5*f - p, -3*x + 72 = 5*f. Let g = 71 - x. What is the highest common divisor of g and 28?
14
Let z be 40/(-15)*(84/(-7) + -540). Calculate the highest common factor of z and 12.
4
Let v be -82 + (4 + -2)*-1. Suppose 5*f = 45*f + 3640. Let t = v - f. Calculate the highest common factor of 49 and t.
7
Let s = -448 + 916. Calculate the highest common divisor of 9 and s.
9
Let g(v) = -1522*v + 6411. Let s be g(4). Calculate the highest common divisor of s and 1819.
17
Suppose 4*a = 3*z - 0*z - 610, -1005 = -5*z - 5*a. Let q = -356 + z. Let n = q - -218. What is the greatest common divisor of 16 and n?
16
Suppose 165 = -0*d + 5*d + 5*r, -163 = -5*d - 4*r. Suppose d*b - 32*b = -416. Calculate the greatest common factor of 52 and b.
52
Let q(c) = -c**3 - 13*c**2 + 119*c + 1462. Let u be q(-18). Calculate the greatest common factor of 6815 and u.
235
Suppose -7*o + m - 1499 = -5361, 0 = 2*o - 5*m - 1094. What is the highest common divisor of o and 408?
24
Suppose -19538 = -2*z - 5*w + 11641, 0 = -2*z + 4*w + 31134. Calculate the greatest common divisor of z and 37.
37
Let d = -19 + 99. Suppose 3*g = -m + 52, 4*g - 7 = 9. Let q be m/3*((-88)/16 + 7). Calculate the greatest common divisor of d and q.
20
Let p(k) = -4*k - 44. Let j be p(-19). Let x be (j - 4)/1 + (1 - 4). Let z = -15 + x. Calculate the greatest common factor of 50 and z.
10
Let c be (0 - -2) + 4 + (-10)/5. Suppose 0 = u + c*u - 225. Calculate the greatest common factor of u and 60.
15
Let k(l) = -l**3 - 5*l**2 + 4*l - 7. Let a be k(-6). Suppose -62*y + 1201 + 39 = 0. What is the highest common factor of a and y?
5
Let v be ((-12)/(-5))/(192/240). Suppose -14 + 44 = 6*n. Calculate the greatest common factor of n and v.
1
Suppose 18*w - 108 = 16*w + 4*g, 3*w - 99 = -3*g. Calculate the greatest common factor of 4220 and w.
20
Let u(o) = o + 26. Let l(i) = 2*i**2 - 58*i + 22 + 35*i + 38*i. Let k be l(-5). Let x be u(k). Calculate the highest common factor of 23 and x.
23
Suppose 5*d = -3*v + d + 17, -1 = -v + d. Let y be (-18)/2 + (-12099)/(-37). What is the greatest common divisor of v and y?
3
Let l = 0 + 7. Let k be -5 - (l/(-7) + -268). What is the highest common divisor of k and 24?
24
Suppose 15 = 3*q, -5*u + q + 0*q + 28795 = 0. Suppose -20*c + u = 16*c. Calculate the highest common factor of 5 and c.
5
Let r(i) = -15*i + 272. Let g be r(18). Suppose 0 = 3*u - 2*p - 12, g*u + 1 - 8 = p. What is the highest common factor of u and 40?
2
Let d = -7 + 11. Let h = -1042 - -1044. Suppose 5*p + 9 = m, -d*p = -5*m - h + 68. What is the highest common factor of 7 and m?
7
Let i be (-1872508)/(-121)*(-4)/(-16) - (-4)/22. What is the greatest common divisor of 159 and i?
53
Let b be (-3 - -3)/(1/((-6)/(-24))). Suppose -8*v + 46 + 50 = b. Suppose 4*q - 58 - 14 = 0. What is the greatest common divisor of v and q?
6
Let j be 15/(((-1287)/(-4030))/33). Calculate the greatest common factor of j and 186.
62
Let v be (-18)/(-3)*(-3)/(-2). Suppose -65 - v = -2*r. Let y = 42 - r. Calculate the greatest common factor of y and 25.
5
Let n be (66/(-165))/((-6)/(-80))*-3. What is the highest common factor of 3616 and n?
16
Suppose 0 = 26*v - 1708 + 1370. Let r(s) = s + 12. Let t be r(-11). What is the highest common factor of t and v?
1
Suppose -3*s + c - 528 = 0, -2*s + 7*c - 352 = 10*c. Let k = 179 + s. Calculate the greatest common factor of 96 and k.
3
Let h = -5225 + 5289. Calculate the highest common factor of 40 and h.
8
Suppose -b - 2052 = 18*b - 46*b. Calculate the greatest common divisor of 5358 and b.
38
Let c be (-756)/(-49) - 4/(-7). Let y = -36 - -46. Suppose 1794 = y*j + 354. What is the greatest common divisor of c and j?
16
Let k(s) = -72 + 31 + 7*s - 3*s + s - 94. Let j be k(44). What is the greatest common divisor of 17 and j?
17
Let r(t) = t - 11. Let k be r(-10). Let p be ((-7)/k)/(1/(-3))*-12. Let v be 2/2*1*4. Calculate the greatest common divisor of p and v.
4
Let w(a) = 7*a**2 - 134*a - 105. Let n be w(20). Calculate the greatest common factor of 1530 and n.
15
Let q(a) = a - 6. Let b be 9 + 10/(5 + 0). Let u be q(b). Calculate the greatest common factor of u and 45.
5
Suppose x + 5*s = -23, -s - 1 = 4. Suppose x*j = 2*z - 22 - 4, 0 = 2*z + j - 41. What is the greatest common factor of z and 24?
6
Suppose -4*d + 50 = -3*q - 6, -3*d + 55 = q. Suppose 4*f - 23 = 4*g + d, -2*f = g - 17. What is the greatest common divisor of f and 99?
9
Let h(w) = 50*w**2 - 9*w - 16. Let v be h(-2). Suppose v = 6*c + 148. Let k = 9 + -3. What is the highest common factor of k and c?
3
Let b be 2575 - 6/4*(-173 + 167). Calculate the greatest common factor of 1976 and b.
152
Let p be (-97)/(73/(-9) - (0 + -8)). What is the greatest common factor of p and 126?
9
Let t(p) = 408*p + 663. Let d be t(0). What is the highest common divisor of d and 156?
39
Suppose -3*j + 2*j = -5*t + 379, -5*j = 2*t - 157. Calculate the highest common divisor of t and 11894.
38
Let c(a) = a**2 - 8*a + 16. Let b be c(6). Suppose -3*z + 499 = -2*p, 5*z - b*p = -0*z + 833. What is the highest common factor of z and 30?
15
Let b = 23698 + -23590. What is the greatest common factor of b and 4260?
12
Let n(b) = -2*b**2 + 28*b - 66. Let k be n(11). Suppose -3*m = 2*u - 46, k = -5*u + 6*m + 81 + 61. Calculate the highest common divisor of u and 975.
13
Let i = 436 - 340. What is the greatest common factor of i and 528?
48
Let s(b) be the first derivative of 13*b**2 - 19*b + 16. Let w be s(5). Let h = w + -57. What is the greatest common divisor of h and 6?
6
Let h = -111 + 114. Suppose -9 = -3*w - 0. Suppose -3 - 3 = -w*s. What is the greatest common factor of h and s?
1
Let k be 205 - -3*((-50)/12 - 430/(-172)). Calculate the greatest common divisor of k and 28900.
100
Suppose -5*u - 718 = 3*d, d + 3*d + 4 = 0. Let w = 188 + u. What is the highest common factor of 30 and w?
15
Let h = -15 - -18. Suppose -3*m = h, -18*n = -17*n + 4*m - 41. What is the greatest common divisor of n and 105?
15
Let n be 5166/(-984)*7*-12. Calculate the highest common divisor of n and 288.
9
Let v(a) = -72*a. Let c be v(-1). Let y be 1/(-2) + (-9100)/(-56). Calculate the highest common divisor of y and c.
18
Let q(m) = 6*m**2 + 25*m - 30. Let w = -523 - -529. Let r be q(w). What is the highest common factor of r and 48?
48
Suppose 2*z + z = 2*y - 78, 0 = -y - 2*z + 32. Let n(p) = 10*p - 52. Let r be n(7). Let u be r/(-7)*28/(-6). Calculate the highest common factor of y and u.
12
Suppose 4*i = -5*u + 19377, 750*i - u + 19389 = 754*i. What is the greatest common divisor of 16 and i?
16
Suppose -60*r - 4*h = -57*r - 41, 0 = 6*r + h - 89. Calculate the highest common factor of r and 1359.
3
Suppose 3*u - p = 9308, 154 = -u + 5*p + 3266. What is the highest common factor of u and 88?
22
Let u(q) = -7*q + 86. Let m be u(10). Suppose -10*v - m + 456 = 0. Calculate the highest common divisor of 4 and v.
4
Let j(u) = -2*u**2 + 5*u + 71. Let h be j(7). Let k be (31/62)/((-2)/(-32)). Calculate the highest common divisor of h and k.
8
Let r(h) = 11*h + 1. Let a be r(2). Let c be 2 - ((-425)/10 - (-9)/(-6)). What is the greatest common factor of c and a?
23
Let q be (-2)/(-4) - ((-24)/15 - 3196/40). Calculate the greatest common factor of q and 4.
2
Let r be (98/(-35))/((-4)/240). What is the highest common factor of 1064 and r?
56
Let x be -60*((561/44)/(-17) + 2/(-40)). What is the highest common factor of 212 and x?
4
Let f(p) be the third derivative of -p*